722075519 prime?
True
Is 1113542809 composite?
True
Is 1137795167 composite?
False
Is 10891736459 composite?
False
Is 3399925733 a prime number?
True
Is 16303923871 a prime number?
True
Is 1792084543 prime?
True
Is 360323191 a composite number?
False
Is 2148766733 a composite number?
False
Is 1943721823 composite?
False
Is 2811463091 composite?
False
Is 5745630677 a composite number?
False
Is 9920855159 a prime number?
True
Is 7262730763 composite?
True
Is 98389579 prime?
True
Is 96695471 prime?
True
Is 382311595 a composite number?
True
Is 2998542037 a prime number?
True
Is 544497227 a composite number?
True
Is 5355835351 a prime number?
True
Is 135102551 prime?
True
Is 1160480561 composite?
False
Is 13843692823 composite?
False
Is 882062009 prime?
True
Is 524978407 a prime number?
True
Is 60106516831 a prime number?
False
Is 66891362341 prime?
False
Is 3045100423 a prime number?
True
Is 14457070001 prime?
False
Is 16605019421 prime?
True
Is 45883517 a prime number?
True
Is 1258831919 composite?
False
Is 401355431 composite?
True
Is 2986712567 prime?
True
Is 26627017693 prime?
False
Is 2123692799 prime?
True
Is 193003757 a prime number?
True
Is 2200316029 a prime number?
True
Is 59764238103 a composite number?
True
Is 2552810279 a composite number?
True
Is 13871701957 a composite number?
False
Is 9852230909 a composite number?
False
Is 2451543937 prime?
True
Is 16544624477 prime?
False
Is 14932645747 prime?
True
Is 665747047783 prime?
True
Is 1005793637 a composite number?
False
Is 10769890933 a prime number?
True
Is 16648171 prime?
True
Is 1460572661 a composite number?
False
Is 1596024083 a prime number?
True
Is 399817697 a prime number?
True
Is 8968280569 a prime number?
False
Is 192167786087 composite?
False
Is 931430801 a prime number?
False
Is 876583979 a prime number?
False
Is 667443424161 prime?
False
Is 11119927853 prime?
True
Is 3355644333 a composite number?
True
Is 2616744659 prime?
True
Is 480199337 prime?
True
Is 1275029689 prime?
False
Is 4617202243 a composite number?
False
Is 172636973 a composite number?
False
Is 1280133373 composite?
True
Is 135151523 a prime number?
False
Is 60175345 prime?
False
Is 8215579846 a composite number?
True
Is 2098243487 a prime number?
True
Is 27768187 prime?
True
Is 101357255 a prime number?
False
Is 237867483731 composite?
True
Is 14785382629 composite?
True
Is 18253452157 composite?
False
Is 3719166397 a prime number?
False
Is 42345233 prime?
False
Is 148417963 prime?
False
Is 5633806873 a composite number?
False
Is 15224406553 composite?
True
Is 954575009 prime?
True
Is 23213191763 a prime number?
True
Is 584784647 a prime number?
False
Is 5989654087 a composite number?
False
Is 2124160671 composite?
True
Is 2264501117 a composite number?
False
Is 2394132599 a prime number?
False
Is 1273802903 a composite number?
True
Is 237862450561 composite?
False
Is 43535725417 composite?
False
Is 139981668473 composite?
False
Is 793529449 a prime number?
False
Is 85041716057 a prime number?
False
Is 11955368011 prime?
True
Is 14618198019 prime?
False
Is 1239841474891 prime?
True
Is 3582758573 a composite number?
False
Is 744259807 prime?
False
Is 446643619 a composite number?
True
Is 484822777 a prime number?
True
Is 43413437 a composite number?
True
Is 1201478777 composite?
False
Is 107287405 prime?
False
Is 2348511599 a prime number?
False
Is 1404276439 a prime number?
False
Is 160939106459 a prime number?
False
Is 86540022119 a prime number?
False
Is 150769084003 prime?
False
Is 297432689 prime?
True
Is 3564899687 a composite number?
True
Is 51053389819 prime?
False
Is 7208857703 a composite number?
False
Is 2553701231 a composite number?
True
Is 4888256861 a composite number?
True
Is 506417719 prime?
True
Is 2462422609 a composite number?
True
Is 133698670769 a prime number?
True
Is 1186705963 a prime number?
False
Is 1467800857 a prime number?
False
Is 54552779299 prime?
False
Is 3900514109 a prime number?
True
Is 1386666601 prime?
True
Is 6051106771 a composite number?
False
Is 9258387967 a composite number?
False
Is 169407803 composite?
False
Is 980433473 a composite number?
False
Is 6298595983 composite?
True
Is 92292136067 a prime number?
True
Is 378605105 a composite number?
True
Is 12028103579 prime?
False
Is 33938520257 prime?
True
Is 1790935093 a composite number?
False
Is 3943422157 a composite number?
True
Is 378655163 composite?
False
Is 3362834257 composite?
False
Is 3321922391 a prime number?
True
Is 520450627 a prime number?
True
Is 11243584333 a composite number?
False
Is 405985211 prime?
False
Is 7133838301 a composite number?
False
Is 3104906593 a composite number?
False
Is 2530132697 prime?
False
Is 1797250139 prime?
True
Is 8514480253 a prime number?
True
Is 327358397 prime?
False
Is 71908931 a prime number?
True
Is 2660621843 a prime number?
False
Is 131864959 composite?
True
Is 27568928059 prime?
True
Is 163230569 a prime number?
False
Is 333546379 a prime number?
False
Is 1088200793 composite?
False
Is 42297018497 prime?
True
Is 8080027 composite?
False
Is 13826800222 a prime number?
False
Is 23872867099 composite?
True
Is 173595883 a composite number?
True
Is 11443177753 composite?
True
Is 296641571 a composite number?
False
Is 438423437 prime?
False
Is 2629343239 prime?
True
Is 2656998103 a prime number?
True
Is 2995898123 a prime number?
False
Is 4462622243 a prime number?
False
Is 2316165581 a prime number?
True
Is 495810229 composite?
False
Is 27575229761 composite?
False
Is 3724022585 a composite number?
True
Is 13462075951 a prime number?
True
Is 27192722989 composite?
False
Is 196736050201 prime?
False
Is 10141633517 prime?
True
Is 45245411 prime?
False
Is 9195182647 a prime number?
False
Is 15373589603 prime?
False
Is 9587488303 a prime number?
True
Is 14806374919 a prime number?
False
Is 22287311119 prime?
False
Is 3934465271 a composite number?
True
Is 99197867 composite?
False
Is 13652828291 a composite number?
False
Is 10059957937 a composite number?
True
Is 50206068181 composite?
False
Is 188455 a composite number?
True
Is 271115944231 a prime number?
False
Is 6582408577 a composite number?
False
Is 64384949 prime?
True
Is 14345057137 a prime number?
True
Is 2779746065 a composite number?
True
Is 15571061551 prime?
True
Is 30188493431 composite?
False
Is 11263197329 prime?
True
Is 30046018819 prime?
False
Is 1678399649 composite?
False
Is 362088557 a prime number?
False
Is 12520234343 prime?
True
Is 22459368909 a prime number?
False
Is 196573837 a composite number?
True
Is 2048487589 a prime number?
False
Is 93390554303 a composite number?
False
Is 2678646919 composite?
True
Is 3520856021 a composite number?
False
Is 65514687841 a composite number?
True
Is 4382991841 a prime number?
False
Is 3619563917 a prime number?
True
Is 95519273 a composite number?
True
Is 906993277 a prime number?
True
Is 8343178555 a composite number?
True
Is 19786217147 prime?
False
Is 18442414979 composite?
True
Is 1823942429 a prime number?
True
Is 1742129261 a composite number?
False
Is 18827516581 prime?
False
Is 519489443 a prime number?
False
Is 5279525651 prime?
False
Is 563713498 composite?
True
Is 2171778001 composite?
True
Is 257550899 composite?
False
Is 2760323077 a composite number?
False
Is 16420365197 composite?
True
Is 818258839 a composite number?
False
Is 1747941179 composite?
False
Is 7864535363 composite?
True
Is 5679388193 prime?
False
Is 7057589447 a composite number?
False
Is 16671311714 composite?
True
Is 193340655821 prime?
True
Is 22259286953 a prime number?
True
Is 13647403753 composite?
True
Is 459595343 composite?
True
Is 110606159 prime?
True
Is 780952784057 a composite number?
False
Is 17507106779 prime?
True
Is 29424578341 a prime number?
False
Is 4767209 a prime number?
False
Is 9672233867 a prime number?
False
Is 922615963 prime?
True
Is 7254565033 prime?
False
Is 552235697 a composite number?
True
Is 486166871 a prime number?
False
Is 15470977919 a composite number?
True
Is 2149722787 a composite number?
False
Is 252911041 composite?
True
Is 204831125509 a prime number?
False
Is 2352035981 composite?
True
Is 12338895553 a prime number?
False
Is 24630507883 composite?
True
Is 13649670635 composite?
True
Is 14673324947 a prime number?
True
Is 205603